{"id":11,"date":"2026-03-27T18:47:31","date_gmt":"2026-03-27T18:47:31","guid":{"rendered":"https:\/\/wp8939738.hostingrd.pl\/?page_id=11"},"modified":"2026-03-28T15:52:36","modified_gmt":"2026-03-28T15:52:36","slug":"about-o-mnie","status":"publish","type":"page","link":"https:\/\/karolinalesicka.com\/index.php\/about-o-mnie\/","title":{"rendered":"About \/ O mnie"},"content":{"rendered":"\n<div class=\"wp-block-media-text has-media-on-the-right is-stacked-on-mobile\" style=\"grid-template-columns:auto 44%\"><div class=\"wp-block-media-text__content\">\n<h2 class=\"wp-block-heading\">Cze\u015b\u0107! Jestem Karolina!<\/h2>\n\n\n\n<p>Jeszcze rok temu pracowa\u0142am w du\u017cej organizacji, gdzie odpowiada\u0142am za tre\u015bci w obszarze e-commerce.<\/p>\n\n\n\n<p>To tam nauczy\u0142am si\u0119 pisa\u0107 tak, \u017ceby by\u0142o nie tylko dobrze, ale przede wszystkim jasno, intuicyjnie i skutecznie \u2014 niezale\u017cnie od tego, czy chodzi o artyku\u0142 inspiracyjny, proces zakupowy czy komunikacj\u0119 dla u\u017cytkownik\u00f3w o r\u00f3\u017cnych potrzebach.<\/p>\n\n\n\n<p>Z czasem coraz bardziej ci\u0105gn\u0119\u0142o mnie w stron\u0119 pracy, kt\u00f3ra daje wi\u0119cej przestrzeni \u2014 na my\u015blenie, tworzenie i uwa\u017cno\u015b\u0107. Dlatego wybra\u0142am freelancing.<\/p>\n<\/div><figure class=\"wp-block-media-text__media\"><img loading=\"lazy\" decoding=\"async\" width=\"1280\" height=\"1920\" src=\"https:\/\/karolinalesicka.com\/wp-content\/uploads\/2026\/03\/KarolinaLesicka-Sesja202634z129.jpg\" alt=\"\" class=\"wp-image-15 size-full\" srcset=\"https:\/\/karolinalesicka.com\/wp-content\/uploads\/2026\/03\/KarolinaLesicka-Sesja202634z129.jpg 1280w, https:\/\/karolinalesicka.com\/wp-content\/uploads\/2026\/03\/KarolinaLesicka-Sesja202634z129-300x450.jpg 300w, https:\/\/karolinalesicka.com\/wp-content\/uploads\/2026\/03\/KarolinaLesicka-Sesja202634z129-1024x1536.jpg 1024w, https:\/\/karolinalesicka.com\/wp-content\/uploads\/2026\/03\/KarolinaLesicka-Sesja202634z129-800x1200.jpg 800w\" sizes=\"auto, (max-width: 1280px) 100vw, 1280px\" \/><\/figure><\/div>\n\n\n\n<h2 class=\"wp-block-heading\">Dzi\u015b pracuj\u0119 jako copywriter i content specialist<\/h2>\n\n\n\n<p><strong>Wspieram marki w tworzeniu tre\u015bci, kt\u00f3re s\u0105 proste, zrozumia\u0142e i naprawd\u0119 potrzebne<\/strong>. Pisz\u0119 artyku\u0142y, tworz\u0119 tre\u015bci na strony i porz\u0105dkuj\u0119 komunikacj\u0119 tam, gdzie robi si\u0119 zbyt skomplikowana. Bliskie jest mi podej\u015bcie, w kt\u00f3rym s\u0142owa maj\u0105 pomaga\u0107 \u2014 prowadzi\u0107 u\u017cytkownika, wyja\u015bnia\u0107 i budowa\u0107 zaufanie.<\/p>\n\n\n\n<p>Najlepiej pracuje mi si\u0119 w ciszy \u2014 przy kubku czarnej kawy, z kotem gdzie\u015b obok i my\u015blami, kt\u00f3re mo\u017cna spokojnie ubra\u0107 w s\u0142owa. To w\u0142a\u015bnie wtedy powstaj\u0105 najlepsze teksty.<\/p>\n\n\n\n<p>Po pracy jestem mam\u0105. I to r\u00f3wnie\u017c wp\u0142ywa na to, jak pisz\u0119 i jak patrz\u0119 na komunikacj\u0119 \u2014 z wi\u0119ksz\u0105 uwa\u017cno\u015bci\u0105, prostot\u0105 i wra\u017cliwo\u015bci\u0105. Szczeg\u00f3lnie bliskie s\u0105 mi projekty edukacyjne i tre\u015bci, kt\u00f3re maj\u0105 realny wp\u0142yw \u2014 wspieraj\u0105 rozw\u00f3j, buduj\u0105 \u015bwiadomo\u015b\u0107.<\/p>\n\n\n\n<p class=\"has-text-align-left\"><strong>Je\u015bli szukasz kogo\u015b, kto pomo\u017ce Ci uporz\u0105dkowa\u0107 komunikacj\u0119 i stworzy\u0107 teksty, kt\u00f3re s\u0105 nie tylko dobrze napisane, ale te\u017c skuteczne \u2014 jeste\u015b w dobrym miejscu.<\/strong><\/p>\n\n\n\n<p>Ch\u0119tnie dowiem si\u0119 wi\u0119cej o Twoim projekcie.<\/p>\n\n\n\n<div class=\"wp-block-buttons is-layout-flex wp-block-buttons-is-layout-flex\">\n<div class=\"wp-block-button\"><a class=\"wp-block-button__link wp-element-button\" href=\"https:\/\/karolinalesicka.com\/index.php\/start-here-kontakt\/\">Napisz do mnie<\/a><\/div>\n\n\n\n<div class=\"wp-block-button\"><a class=\"wp-block-button__link wp-element-button\" href=\"https:\/\/karolinalesicka.com\/index.php\/hire-me-uslugi\/\">Poznaj moje us\u0142ugi<\/a><\/div>\n<\/div>\n\n\n\n<p><\/p>\n","protected":false},"excerpt":{"rendered":"<p>Cze\u015b\u0107! Jestem Karolina! Jeszcze rok temu pracowa\u0142am w du\u017cej organizacji, gdzie odpowiada\u0142am za tre\u015bci w obszarze e-commerce. To tam nauczy\u0142am si\u0119 pisa\u0107 tak, \u017ceby by\u0142o nie tylko dobrze, ale przede wszystkim jasno, intuicyjnie i skutecznie \u2014 niezale\u017cnie od tego, czy chodzi o artyku\u0142 inspiracyjny, proces zakupowy czy komunikacj\u0119 dla u\u017cytkownik\u00f3w o r\u00f3\u017cnych potrzebach. Z czasem coraz bardziej ci\u0105gn\u0119\u0142o mnie w&hellip;<\/p>\n","protected":false},"author":1,"featured_media":0,"parent":0,"menu_order":0,"comment_status":"closed","ping_status":"closed","template":"","meta":{"_vp_format_video_url":"","_vp_image_focal_point":[],"_vp_custom_popup_image":0,"_vp_format_audio_url":"","_vp_album_images":[],"_vp_custom_thumbnail":0,"_vp_custom_thumbnail_focal_point":[],"_vp_custom_thumbnail_cover":0,"_vp_hover_thumbnail":0,"_vp_hover_thumbnail_focal_point":[],"footnotes":""},"class_list":["post-11","page","type-page","status-publish","hentry"],"jetpack_sharing_enabled":true,"_links":{"self":[{"href":"https:\/\/karolinalesicka.com\/index.php\/wp-json\/wp\/v2\/pages\/11","targetHints":{"allow":["GET"]}}],"collection":[{"href":"https:\/\/karolinalesicka.com\/index.php\/wp-json\/wp\/v2\/pages"}],"about":[{"href":"https:\/\/karolinalesicka.com\/index.php\/wp-json\/wp\/v2\/types\/page"}],"author":[{"embeddable":true,"href":"https:\/\/karolinalesicka.com\/index.php\/wp-json\/wp\/v2\/users\/1"}],"replies":[{"embeddable":true,"href":"https:\/\/karolinalesicka.com\/index.php\/wp-json\/wp\/v2\/comments?post=11"}],"version-history":[{"count":12,"href":"https:\/\/karolinalesicka.com\/index.php\/wp-json\/wp\/v2\/pages\/11\/revisions"}],"predecessor-version":[{"id":281,"href":"https:\/\/karolinalesicka.com\/index.php\/wp-json\/wp\/v2\/pages\/11\/revisions\/281"}],"wp:attachment":[{"href":"https:\/\/karolinalesicka.com\/index.php\/wp-json\/wp\/v2\/media?parent=11"}],"curies":[{"name":"wp","href":"https:\/\/api.w.org\/{rel}","templated":true}]}}